{"id":171,"date":"2014-04-29T16:30:23","date_gmt":"2014-04-29T16:30:23","guid":{"rendered":"http:\/\/kozhaz.alsozsolca.hu\/blog\/?page_id=171"},"modified":"2023-04-20T14:02:16","modified_gmt":"2023-04-20T14:02:16","slug":"szolgaltatasok","status":"publish","type":"page","link":"https:\/\/kozhaz.alsozsolca.hu\/?page_id=171","title":{"rendered":"Szolg\u00e1ltat\u00e1sok"},"content":{"rendered":"<p>A k\u00f6nyvt\u00e1r szolg\u00e1ltat\u00e1sai:<\/p>\n<p>&#8211; k\u00f6lcs\u00f6nz\u00e9s t\u00f6bb, mint 16.000 dokumentumb\u00f3l \/k\u00f6nyv, audio CD, DVD, CD-ROM, 72 f\u00e9le foly\u00f3irat, 2 f\u00e9le h\u00edrlap\/,<br \/>\n&#8211; k\u00f6nyvt\u00e1rk\u00f6zi k\u00f6lcs\u00f6nz\u00e9s,<br \/>\n&#8211; el\u0151jegyz\u00e9s nyilv\u00e1ntart\u00e1sa dokumentumokra,<br \/>\n&#8211; irodalomkutat\u00e1s \u00e9s bibliogr\u00e1fia k\u00e9sz\u00edt\u00e9se,<br \/>\n&#8211; Interneten hozz\u00e1f\u00e9rhet\u0151 nyilv\u00e1nos katal\u00f3gus \/folyamatos fejleszt\u00e9s alatt \u00e1ll\/, k\u00f6lcs\u00f6nz\u00e9si \u00e9s k\u00f6nyvt\u00e1ri inform\u00e1ci\u00f3k k\u00f6zz\u00e9t\u00e9tele a K\u00f6z\u00f6ss\u00e9gi H\u00e1z \u00e9s K\u00f6nyvt\u00e1r honlapj\u00e1n,<br \/>\n&#8211; h\u00e1zhozsz\u00e1ll\u00edt\u00e1s a lak\u00e1shoz \u00e9s beteg\u00e1gyhoz k\u00f6t\u00f6tt, mozg\u00e1ss\u00e9r\u00fclt, l\u00e1t\u00e1ss\u00e9r\u00fclt olvas\u00f3k sz\u00e1m\u00e1ra,<br \/>\n&#8211; gyeng\u00e9nl\u00e1t\u00f3k sz\u00e1m\u00e1ra nagy\u00edt\u00f3 k\u00e9sz\u00fcl\u00e9k helyben haszn\u00e1lata, k\u00e9perny\u0151olvas\u00f3 szoftver haszn\u00e1lata vakok sz\u00e1m\u00e1ra,<br \/>\n&#8211; Internet haszn\u00e1lat, nyomtat\u00e1s, scannel\u00e9s,<br \/>\n&#8211; k\u00f6nyvt\u00e1rl\u00e1togat\u00e1s, a k\u00f6nyvt\u00e1r valamennyi gy\u0171jtem\u00e9nyr\u00e9sz\u00e9nek \u00e9s dokumentumt\u00edpus\u00e1nak helyben haszn\u00e1lata, az \u00e1llom\u00e1nyfelt\u00e1r\u00f3 eszk\u00f6z\u00f6k haszn\u00e1lata,<br \/>\n&#8211; inform\u00e1ci\u00f3 a k\u00f6nyvt\u00e1r \u00e9s a k\u00f6nyvt\u00e1ri rendszer szolg\u00e1ltat\u00e1sair\u00f3l, seg\u00edts\u00e9gny\u00fajt\u00e1s az Internet, k\u00fcl\u00f6nb\u00f6z\u0151 adatb\u00e1zisok \u00e9s sz\u00e1m\u00edt\u00f3g\u00e9pes inform\u00e1ci\u00f3forr\u00e1sok haszn\u00e1lat\u00e1hoz.<\/p>\n<p>K\u00f6lcs\u00f6n\u00f6zhet\u0151 foly\u00f3iratok:<\/p>\n<p>2000, A Kutya, Aetas, Alf\u00f6ld, Als\u00f3zsolcai H\u00edrlap, Az utaz\u00f3, \u00c1llatvil\u00e1g, Balkon, B\u00e1rka, Burda Style, Csal\u00e1di Lap, Csodaceruza, \u00c9des Anyanyelv\u00fcnk, \u00c9let\u00fcnk, \u00c9let \u00e9s Irodalom, \u00c9let \u00e9s Tudom\u00e1ny, \u00c9szak-Magyarorsz\u00e1g, Filmvil\u00e1g, Fitt Inf\u00f3, Forr\u00e1s, F\u00f6ldg\u00f6mb, Galaktika XL, Geo, Glamour, Hadt\u00f6rt\u00e9nelmi K\u00f6zlem\u00e9nyek, Hitel, HVG, IPM, Irodalomt\u00f6rt\u00e9neti K\u00f6zlem\u00e9nyek, Jelenkor, JOY, Kab\u00f3ca, Kalligram, Kassai Figyel\u0151, K\u00e9pm\u00e1s csal\u00e1dmagazin, Kiskegyed Otthona, Kiskegyed Receptt\u00e1r, Komment\u00e1r, Korall, Kort\u00e1rs, Korunk, K\u00f6nyvh\u00e9t, L\u00e1t\u00f3, Magyar \u00c9p\u00edt\u0151m\u0171v\u00e9szet, Magyar Iparm\u0171v\u00e9szet, Magyar Kr\u00f3nika,&nbsp;Magyar M\u0171hely, Magyar Napl\u00f3, Magyar Nyelv\u0151r, Magyar Szemle, Moldvai Magyars\u00e1g, Mozg\u00f3 Vil\u00e1g, M\u0171eml\u00e9kv\u00e9delem, M\u0171hely, M\u0171\u00fat, M\u0171vel\u0151d\u00e9s, National Geographic, N\u0151k Lapja, N\u0151k Lapja Eg\u00e9szs\u00e9g, , N\u0151k Lapja Konyha, Otthon magazin, Otthonok \u00e9s kertek, Pannon T\u00fck\u00f6r, Pr\u00e1gai T\u00fck\u00f6r, Praktika, R\u00e9gi-\u00faj Magyar \u00c9p\u00edt\u0151m\u0171v\u00e9szet, Rubicon, Story, Story k\u00fcl\u00f6nsz\u00e1m, Sz\u00e9kelyf\u00f6ld, Sz\u00e9p h\u00e1zak,&nbsp; Sz\u00e9p kertek, Sz\u00e9p lak, Sz\u00e9pirodalmi Figyel\u0151, Szitak\u00f6t\u0151, Sz\u00ednh\u00e1z, Term\u00e9szet Vil\u00e1ga, Term\u00e9szetb\u00fav\u00e1r, Tiszat\u00e1j, T\u00f6rt\u00e9nelmi Szemle, T\u00fccs\u00f6k, \u00daj Forr\u00e1s, \u00daj K\u00f6nyvpiac, \u00daj M\u0171v\u00e9szet, Val\u00f3s\u00e1g, Vigilia, Vil\u00e1gt\u00f6rt\u00e9net, Zenekar, Zen\u00e9szmagazin<\/p>\n","protected":false},"excerpt":{"rendered":"<p>A k\u00f6nyvt\u00e1r szolg\u00e1ltat\u00e1sai: &#8211; k\u00f6lcs\u00f6nz\u00e9s t\u00f6bb, mint 16.000 dokumentumb\u00f3l \/k\u00f6nyv, audio CD, DVD, CD-ROM, 72 f\u00e9le foly\u00f3irat, 2 f\u00e9le h\u00edrlap\/, &#8211; k\u00f6nyvt\u00e1rk\u00f6zi k\u00f6lcs\u00f6nz\u00e9s, &#8211; el\u0151jegyz\u00e9s nyilv\u00e1ntart\u00e1sa dokumentumokra, &#8211; irodalomkutat\u00e1s \u00e9s bibliogr\u00e1fia k\u00e9sz\u00edt\u00e9se, &#8211; Interneten hozz\u00e1f\u00e9rhet\u0151 nyilv\u00e1nos katal\u00f3gus \/folyamatos fejleszt\u00e9s alatt \u00e1ll\/, k\u00f6lcs\u00f6nz\u00e9si \u00e9s k\u00f6nyvt\u00e1ri inform\u00e1ci\u00f3k k\u00f6zz\u00e9t\u00e9tele a K\u00f6z\u00f6ss\u00e9gi H\u00e1z \u00e9s K\u00f6nyvt\u00e1r honlapj\u00e1n, &#8211; h\u00e1zhozsz\u00e1ll\u00edt\u00e1s a [&hellip;]<\/p>\n","protected":false},"author":2,"featured_media":0,"parent":169,"menu_order":1,"comment_status":"closed","ping_status":"closed","template":"","meta":{"footnotes":""},"class_list":["post-171","page","type-page","status-publish","hentry"],"_links":{"self":[{"href":"https:\/\/kozhaz.alsozsolca.hu\/index.php?rest_route=\/wp\/v2\/pages\/171","targetHints":{"allow":["GET"]}}],"collection":[{"href":"https:\/\/kozhaz.alsozsolca.hu\/index.php?rest_route=\/wp\/v2\/pages"}],"about":[{"href":"https:\/\/kozhaz.alsozsolca.hu\/index.php?rest_route=\/wp\/v2\/types\/page"}],"author":[{"embeddable":true,"href":"https:\/\/kozhaz.alsozsolca.hu\/index.php?rest_route=\/wp\/v2\/users\/2"}],"replies":[{"embeddable":true,"href":"https:\/\/kozhaz.alsozsolca.hu\/index.php?rest_route=%2Fwp%2Fv2%2Fcomments&post=171"}],"version-history":[{"count":33,"href":"https:\/\/kozhaz.alsozsolca.hu\/index.php?rest_route=\/wp\/v2\/pages\/171\/revisions"}],"predecessor-version":[{"id":23049,"href":"https:\/\/kozhaz.alsozsolca.hu\/index.php?rest_route=\/wp\/v2\/pages\/171\/revisions\/23049"}],"up":[{"embeddable":true,"href":"https:\/\/kozhaz.alsozsolca.hu\/index.php?rest_route=\/wp\/v2\/pages\/169"}],"wp:attachment":[{"href":"https:\/\/kozhaz.alsozsolca.hu\/index.php?rest_route=%2Fwp%2Fv2%2Fmedia&parent=171"}],"curies":[{"name":"wp","href":"https:\/\/api.w.org\/{rel}","templated":true}]}}