{"id":508,"date":"2014-05-07T12:40:46","date_gmt":"2014-05-07T12:40:46","guid":{"rendered":"http:\/\/kozhaz.alsozsolca.hu\/blog\/?page_id=508"},"modified":"2014-05-07T15:29:04","modified_gmt":"2014-05-07T15:29:04","slug":"digitalis-konyvtar","status":"publish","type":"page","link":"https:\/\/kozhaz.alsozsolca.hu\/?page_id=508","title":{"rendered":"Digit\u00e1lis k\u00f6nyvt\u00e1r"},"content":{"rendered":"<p>&nbsp;<\/p>\n<figure id=\"attachment_545\" aria-describedby=\"caption-attachment-545\" style=\"width: 210px\" class=\"wp-caption alignright\"><a title=\"Als\u00f3zsolca t\u00f6rt\u00e9nete\" href=\"https:\/\/kozhaz.alsozsolca.hu\/bodnartamas\/Zsolca.pdf\"><img loading=\"lazy\" decoding=\"async\" class=\"size-medium wp-image-545\" src=\"https:\/\/kozhaz.alsozsolca.hu\/blog\/wp-content\/uploads\/2014\/05\/SCAN0000-210x300.jpg\" alt=\"Als\u00f3zsolca t\u00f6rt\u00e9nete\" width=\"210\" height=\"300\" srcset=\"https:\/\/kozhaz.alsozsolca.hu\/wp-content\/uploads\/2014\/05\/SCAN0000-210x300.jpg 210w, https:\/\/kozhaz.alsozsolca.hu\/wp-content\/uploads\/2014\/05\/SCAN0000-718x1024.jpg 718w, https:\/\/kozhaz.alsozsolca.hu\/wp-content\/uploads\/2014\/05\/SCAN0000.jpg 1675w\" sizes=\"auto, (max-width: 210px) 100vw, 210px\" \/><\/a><figcaption id=\"caption-attachment-545\" class=\"wp-caption-text\">Bodn\u00e1r Tam\u00e1s: Als\u00f3zsolca t\u00f6rt\u00e9nete a honfoglal\u00e1st\u00f3l a XVIII. sz\u00e1zadig<\/figcaption><\/figure>\n<figure id=\"attachment_537\" aria-describedby=\"caption-attachment-537\" style=\"width: 211px\" class=\"wp-caption alignleft\"><a title=\"Als\u00f3zsolcai \u00e9letrajzi lexikon\" href=\"https:\/\/kozhaz.alsozsolca.hu\/bodnartamas\/konyv.pdf\"><img loading=\"lazy\" decoding=\"async\" class=\"wp-image-537 size-medium\" src=\"https:\/\/kozhaz.alsozsolca.hu\/blog\/wp-content\/uploads\/2014\/05\/M\u00e1solat-Bor\u00edt\u00f3-c\u00edmlap-2010.11.09-cmyk-211x300.jpg\" alt=\"Als\u00f3zsolcai \u00e9letrajzi lexikon bor\u00edt\u00f3ja\" width=\"211\" height=\"300\" srcset=\"https:\/\/kozhaz.alsozsolca.hu\/wp-content\/uploads\/2014\/05\/M\u00e1solat-Bor\u00edt\u00f3-c\u00edmlap-2010.11.09-cmyk-211x300.jpg 211w, https:\/\/kozhaz.alsozsolca.hu\/wp-content\/uploads\/2014\/05\/M\u00e1solat-Bor\u00edt\u00f3-c\u00edmlap-2010.11.09-cmyk-721x1024.jpg 721w\" sizes=\"auto, (max-width: 211px) 100vw, 211px\" \/><\/a><figcaption id=\"caption-attachment-537\" class=\"wp-caption-text\">Bodn\u00e1r Tam\u00e1s: Als\u00f3zsolcai \u00e9letrajzi lexikon<\/figcaption><\/figure>\n","protected":false},"excerpt":{"rendered":"<p>&nbsp;<\/p>\n","protected":false},"author":2,"featured_media":0,"parent":169,"menu_order":4,"comment_status":"closed","ping_status":"closed","template":"","meta":{"footnotes":""},"class_list":["post-508","page","type-page","status-publish","hentry"],"_links":{"self":[{"href":"https:\/\/kozhaz.alsozsolca.hu\/index.php?rest_route=\/wp\/v2\/pages\/508","targetHints":{"allow":["GET"]}}],"collection":[{"href":"https:\/\/kozhaz.alsozsolca.hu\/index.php?rest_route=\/wp\/v2\/pages"}],"about":[{"href":"https:\/\/kozhaz.alsozsolca.hu\/index.php?rest_route=\/wp\/v2\/types\/page"}],"author":[{"embeddable":true,"href":"https:\/\/kozhaz.alsozsolca.hu\/index.php?rest_route=\/wp\/v2\/users\/2"}],"replies":[{"embeddable":true,"href":"https:\/\/kozhaz.alsozsolca.hu\/index.php?rest_route=%2Fwp%2Fv2%2Fcomments&post=508"}],"version-history":[{"count":7,"href":"https:\/\/kozhaz.alsozsolca.hu\/index.php?rest_route=\/wp\/v2\/pages\/508\/revisions"}],"predecessor-version":[{"id":548,"href":"https:\/\/kozhaz.alsozsolca.hu\/index.php?rest_route=\/wp\/v2\/pages\/508\/revisions\/548"}],"up":[{"embeddable":true,"href":"https:\/\/kozhaz.alsozsolca.hu\/index.php?rest_route=\/wp\/v2\/pages\/169"}],"wp:attachment":[{"href":"https:\/\/kozhaz.alsozsolca.hu\/index.php?rest_route=%2Fwp%2Fv2%2Fmedia&parent=508"}],"curies":[{"name":"wp","href":"https:\/\/api.w.org\/{rel}","templated":true}]}}